1348
Calculate the greatest common factor of 144 and 26991.
9
What is the greatest common factor of 399684 and 36?
12
Calculate the highest common divisor of 729722 and 282.
94
What is the highest common divisor of 4 and 1948?
4
Calculate the highest common divisor of 510 and 2924.
34
Calculate the greatest common divisor of 2552 and 55187.
319
Calculate the greatest common divisor of 116 and 34404.
4
Calculate the highest common factor of 3676 and 128.
4
What is the highest common factor of 2582656 and 128?
128
Calculate the greatest common factor of 5978 and 18032.
98
Calculate the greatest common divisor of 231374 and 143.
143
Calculate the highest common divisor of 3140734 and 1981.
283
What is the highest common divisor of 5 and 65396?
1
Calculate the highest common divisor of 6776 and 49.
7
Calculate the highest common divisor of 3444 and 12068.
28
Calculate the greatest common divisor of 4257 and 173247.
129
What is the greatest common divisor of 4275 and 13200?
75
What is the highest common divisor of 16 and 46856?
8
What is the highest common factor of 18677 and 1463?
19
What is the greatest common factor of 68 and 3652?
4
Calculate the greatest common divisor of 320 and 6940.
20
Calculate the highest common factor of 1553248 and 32.
32
Calculate the highest common factor of 57130 and 2758.
394
What is the greatest common factor of 1916880 and 5145?
735
Calculate the highest common factor of 559389 and 199.
199
Calculate the greatest common factor of 38157 and 329889.
483
What is the highest common divisor of 291 and 30720?
3
What is the greatest common factor of 496 and 115232?
16
What is the greatest common divisor of 41560 and 16?
8
Calculate the greatest common factor of 1316 and 2226.
14
What is the highest common divisor of 28899 and 494?
247
Calculate the highest common divisor of 12031 and 3632.
227
What is the greatest common divisor of 1075 and 57878?
43
What is the greatest common factor of 66682 and 462?
154
Calculate the highest common divisor of 730690 and 1246.
178
What is the greatest common divisor of 74436 and 2?
2
What is the greatest common divisor of 4921 and 1995?
133
Calculate the highest common divisor of 363109 and 551.
551
What is the highest common factor of 109 and 5495780?
109
Calculate the highest common divisor of 3399 and 165.
33
What is the highest common divisor of 160 and 65?
5
What is the greatest common divisor of 15 and 39129?
3
Calculate the greatest common divisor of 686583 and 59.
59
Calculate the highest common factor of 2420 and 77.
11
What is the highest common divisor of 122 and 37454?
122
Calculate the greatest common factor of 1817 and 1580.
79
Calculate the greatest common factor of 722 and 182.
2
Calculate the highest common divisor of 377 and 30121.
13
What is the highest common divisor of 14021 and 160240?
2003
Calculate the greatest common divisor of 17612 and 152551.
259
Calculate the highest common factor of 1440 and 8375760.
720
What is the greatest common factor of 102 and 4947?
51
What is the highest common factor of 98 and 391069?
49
Calculate the highest common divisor of 2906 and 106.
2
What is the highest common divisor of 4819 and 8784?
61
Calculate the greatest common factor of 36 and 65292.
12
What is the greatest common divisor of 3554 and 2?
2
Calculate the highest common divisor of 18 and 5675286.
6
Calculate the greatest common divisor of 10 and 42775.
5
Calculate the greatest common factor of 7168 and 22568.
56
Calculate the highest common divisor of 44055 and 330.
165
Calculate the greatest common divisor of 3262 and 224.
14
Calculate the greatest common divisor of 7032 and 648.
24
What is the greatest common factor of 1548 and 1444026?
258
Calculate the highest common factor of 30382 and 6369.
11
Calculate the greatest common divisor of 3658412 and 76.
76
What is the highest common divisor of 294869 and 1?
1
Calculate the greatest common divisor of 14 and 63931.
7
What is the highest common divisor of 117 and 102921?
39
What is the greatest common factor of 15769 and 26?
13
What is the highest common divisor of 111 and 50468?
37
Calculate the greatest common factor of 69 and 57546.
69
What is the greatest common divisor of 116754 and 1403?
61
Calculate the greatest common divisor of 46 and 103178.
46
What is the greatest common factor of 4959 and 2451?
57
Calculate the greatest common factor of 12924 and 576.
36
Calculate the highest common factor of 40 and 485.
5
Calculate the highest common factor of 850 and 220575.
425
What is the greatest common divisor of 697918 and 4862?
442
Calculate the greatest common divisor of 1104 and 4646.
46
Calculate the highest common factor of 363 and 184162.
121
Calculate the greatest common divisor of 13536 and 22936.
376
What is the highest common divisor of 24192 and 720576?
1728
What is the greatest common divisor of 30368 and 33280?
416
Calculate the highest common divisor of 14550 and 81674.
194
Calculate the highest common factor of 1628 and 22496.
148
What is the greatest common divisor of 68655 and 1265?
115
What is the highest common factor of 2138288 and 64?
16
What is the greatest common factor of 168 and 407064?
168
Calculate the highest common factor of 1960 and 60.
20
What is the greatest common divisor of 7169 and 201?
67
Calculate the greatest common divisor of 128 and 280.
8
What is the highest common factor of 1144 and 44374?
22
Calculate the highest common factor of 9779 and 14509.
11
What is the greatest common factor of 9 and 303837?
3
What is the greatest common factor of 5152 and 23072?
224
What is the greatest common divisor of 1125 and 24?
3
Calculate the highest common divisor of 13 and 6309563.
13
Calculate the greatest common factor of 234214 and 17014.
362
What is the highest common divisor of 8041 and 989?
43
What is the highest common factor of 1215 and 35?
5
Calculate the greatest common divisor of 512 and 1697792.
512
What is the greatest common factor of 29842 and 989?
43
What is the highest common factor of 48 and 11774760?
24
Calculate the highest common factor of 1566 and 870.
174
What is the highest common divisor of 93 and 920111?
31
Calculate the highest common divisor of 25338 and 7380.
246
What is the greatest common factor of 17782 and 68?
34
Calculate the highest common divisor of 229169 and 909.
101
Calculate the greatest common divisor of 47806 and 246.
82
Calculate the greatest common factor of 150 and 2091200.
50
What is the greatest common divisor of 57 and 704273?
19
What is the greatest common divisor of 63245 and 1105?
65
Calculate the greatest common factor of 691140 and 300.
60
What is the greatest common divisor of 85 and 90865?
85
What is the greatest common factor of 62166 and 1690?
26
What is the greatest common factor of 26638 and 6?
2
Calculate the highest common factor of 4919520 and 640.
160
Calculate the highest common divisor of 15407 and 168.
7
What is the greatest common factor of 18 and 1644723?
9
Calculate the greatest common divisor of 48959 and 566.
283
Calculate the greatest common divisor of 1952484 and 12.
12
What is the greatest common divisor of 19247 and 95?
19
What is the greatest common divisor of 432 and 26217?
27
What is the highest common factor of 33251 and 82?
41
What is the highest common factor of 189 and 5327?
7
Calculate the greatest common factor of 434 and 26970.
62
Calculate the highest common factor of 11 and 1143461.
11
Calculate the highest common factor of 88 and 3238554.
22
What is the greatest common divisor of 308844 and 432?
36
What is the highest common divisor of 77184 and 15075?
603
Calculate the highest common factor of 647 and 2294909.
647
Calculate the greatest common factor of 16317 and 17542.
49
What is the greatest common divisor of 264 and 613184?
88
What is the highest common factor of 84167 and 1309?
17
What is the highest common factor of 3686 and 38?
38
What is the greatest common divisor of 278382 and 52?
26
Calculate the highest common divisor of 688 and 7472.
16
What is the greatest common divisor of 28373 and 1663993?
1669
What is the greatest common factor of 102 and 690982?
34
What is the greatest common divisor of 24285 and 15?
15
Calculate the greatest common divisor of 25 and 412210.
5
Calculate the highes